second derivative of -x**5/20 + 7*x**4/4 - 7*x**3/2 + 17*x**2/2 + 89*x. Let g be l(20). Calculate t(g).
-16
Let x(m) = m**3 - 17*m**2 - 20*m + 16. Suppose -5*g - 417 = -72*g + 789. Determine x(g).
-20
Let z(j) be the third derivative of 1/8*j**4 + 1/120*j**6 - 1/20*j**5 + 0*j**3 + 0 + 0*j + 5*j**2. Suppose 20 = 4*s + 2*u, -16 = -53*u + 49*u. What is z(s)?
9
Let u = 150 - 144. Let o(m) = u*m**2 + 8*m**2 - 15*m**2 + 3*m + 3. Calculate o(3).
3
Let o(u) be the second derivative of -u**4/3 + u**3/3 + 5*u**2/2 - 1741*u. Determine o(4).
-51
Let i be 7*12/84 - -1*5. Let o be -10 - 0 - (i - 12). Let s(y) = -y**3 - 4*y**2 + y + 3. Give s(o).
-1
Let t(q) = -652*q + 192*q + 15*q**2 + 218*q + 213*q. Give t(2).
2
Let z(l) be the second derivative of l**3/3 - 13*l**2 + l - 1201. Give z(0).
-26
Let i(m) = 21*m + 1. Let p be (-5 - (-14)/3)*0/(-4). Suppose p = 13*x - 8 + 21. What is i(x)?
-20
Suppose -30 = -2*c - 5*u + 4, -5*c + 4*u + 52 = 0. Let g(i) = 11*i**2 - 28 + 2*i + 26 - c*i**2. What is g(-3)?
-17
Let r(d) = 12*d**2 + 4*d + 23. Let y(p) = -11*p**2 - 3*p - 18. Let v(w) = 4*r(w) + 5*y(w). Let q = 94 - 92. What is v(q)?
-24
Suppose -n + 92 = 2*u + 98, 3*u = 3*n. Let s(g) = 3*g**3 - 10*g**2 + 4*g - 4. Let c(b) = 2*b**3 - 9*b**2 + 3*b - 3. Let z(j) = 6*c(j) - 5*s(j). Determine z(n).
14
Let c(u) = 2746 - 1373 + 12*u - 1388. Determine c(-5).
-75
Let c(m) = 7*m + 42. Let s = -1111 + 1103. Give c(s).
-14
Let t(x) = -14*x - 5. Let d(f) = -13*f - 4. Let n(w) = -2*w**3 + 24*w**2 - 3. Let a be n(12). Let q(z) = a*t(z) + 4*d(z). What is q(1)?
-11
Let z be (-24)/(2 + 4) - 6. Let n(a) be the third derivative of -a**4/12 - 19*a**3/6 + 6*a**2 - 4*a. Determine n(z).
1
Let n(v) = v + 6. Let x(m) = m + 6. Let d(w) = 4*n(w) - 5*x(w). Let z(c) = -3*c - 14. Let q(u) = -5*d(u) + 2*z(u). Calculate q(4).
-2
Let k(d) = -22*d**3 - 3*d**2 - 88*d + 90. Let n be k(1). Let j(r) = -2*r - 40. Give j(n).
6
Let r(f) = -13*f**2 - 4*f + 5. Let m = -3 + 4. Calculate r(m).
-12
Let m(z) = -3*z + 1. Let a(r) = 4*r - 24. Let n(g) = 5*g - 25. Let c(u) = -4*a(u) + 3*n(u). Let p be c(14). Give m(p).
-20
Let i(w) be the second derivative of w**4/12 + 3*w**3/2 - 8*w**2 - w. Let m = 39336 + -39347. What is i(m)?
6
Let n(p) = 3*p - p - 6 - 4*p + 0. Let l be 12*(99/(-22) + 4). What is n(l)?
6
Let k(q) = -2*q**2 - q - 2. Suppose 3*i + 3*x = -x + 38, 20 = -5*x. Suppose -4*y + v = -v - i, 5*y - 35 = 5*v. Calculate k(y).
-12
Let y(d) = -d + 1. Let i = -387 - -257. Let s = 125 + i. Determine y(s).
6
Let t(g) be the first derivative of -g**4/4 + g**3 + 3*g**2/2 + 8*g + 1602. What is t(4)?
4
Let b(v) = -v**2 + 1 - 6*v + 6*v - 12*v. Let c = 15084 + -15096. Calculate b(c).
1
Suppose 157*s = 155*s. Let m(q) = q**3 - q - 20. Determine m(s).
-20
Let m(j) = 27*j - 64. Let n = 24679 - 24676. Calculate m(n).
17
Suppose -13*j = 2987 - 3052. Let p(l) be the third derivative of 0*l**3 + 26*l**2 - 1/24*l**4 + 0 + 0*l + 17/60*l**j. Calculate p(-1).
18
Suppose 134 = -12*g + 182. Let r(j) = j**2 - j**3 + 7*j - 7*j + j**2 - 12 + 11 + g*j. Determine r(4).
-17
Let c = 12061 - 12045. Let q(d) = d**3 - 17*d**2 + 8*d + 9. Determine q(c).
-119
Let b(m) = -4*m**3 + 6*m**2 - 7*m + 13. Let f(u) = u**3 - 2*u**2 + 2*u - 4. Let n(d) = 4*b(d) + 14*f(d). Let q = -285 + 282. Calculate n(q).
14
Let k(t) = -t**2 - 11*t - 5. Suppose 5*p = 3*g + 21, -1 = g + 5*p - 14. Let z be (1/g)/(6/84). What is k(z)?
23
Suppose 5*f = 5, -4*f - 4 = -9*k + 5*k. Let t(c) = -32*c**2 + 2 - 3*c + 45*c**2 - 12*c**k - 3*c**3. What is t(1)?
-3
Let r(q) be the first derivative of -q**3/3 + 3*q**2 - 3*q + 1446. What is r(10)?
-43
Let k(q) be the third derivative of -q**5/60 - 7*q**4/6 - 22*q**3/3 + q**2 + 4*q + 70. Calculate k(-28).
-44
Let p = 566 - 562. Let q(x) = x - 9. Let m(r) = -5*r + 34. Let y(s) = 6*m(s) + 22*q(s). Calculate y(p).
-26
Let c(f) = -f**3 - 8*f**2 - 10*f. Let p(h) = -h**3 + 4*h**2 + 23*h - 14. Let r be p(7). Suppose -21*k + r*k - 147 = 0. Calculate c(k).
21
Let b = 5171 + -3645. Let o(d) = 35 - 1525*d**2 + b*d**2 + 28 - 21 + 3. Give o(0).
45
Let h(o) be the third derivative of -o**6/120 + o**5/60 - o**4/24 - o**3/2 + 2902*o**2. Calculate h(3).
-24
Let w be (-1 + (0 - -1))/(-2). Let s(x) be the third derivative of -x**5/60 + x**4/24 + 31*x**3/6 + 2*x**2 - 89984. Calculate s(w).
31
Let y(t) = -2*t**2 + 21*t - 23. Let j be ((-1840)/(-1012))/((-9)/11 + 1). Calculate y(j).
-13
Let a(u) = 8*u**3 + 5*u**2 - 4. Let l(t) = -13*t**3 - 5*t**2 + t + 5. Let q(v) = -7*a(v) - 6*l(v). Determine q(-1).
-23
Let w(a) be the second derivative of -a**5/20 + 2*a**4/3 - 7*a**3/6 - 2*a**2 - 4*a. Suppose -2 = -2*g, -3*x - 3*g = -0*g + 366. Let f = x + 130. What is w(f)?
-4
Let l(d) = -d**2 - 62*d - 949. Let b be l(-33). Let k be ((-2)/(-4))/(3/54). Let q = k - b. Let o(h) = 14*h. Calculate o(q).
14
Let n(f) be the first derivative of -10*f**3/3 + 6*f - 3603. Give n(-3).
-84
Let b(g) = 16*g**2 + 5*g + 1. Let j(s) = -43*s**2 - 15*s - 3. Let d(i) = 8*b(i) + 3*j(i). Calculate d(-10).
-51
Let f(s) = 35 + s - 45*s + 38*s. Calculate f(9).
-19
Let s(v) = -169*v + 187. Let j(f) = -138*f + 186. Let y(x) = -6*j(x) + 5*s(x). What is y(-11)?
6
Let g(p) = -p**3 - 9*p**2 - 3*p + 8. Let d(r) = -r**3 + 16*r**2 + 60*r - 436. Let h be d(18). Give g(h).
-60
Let w(g) = -124 - 4*g - 150 + 294. Give w(7).
-8
Let k(t) = t**2 - 6*t. Let r = -9 + 18. Suppose 0 = -4*o - 16, -3*z + r*o + 12 = 12*o. Determine k(z).
16
Let i(q) = -26*q + 5. Let f(j) = j**2 - 14*j + 3. Let h be f(14). Let w(c) = 0 + 182*c - 169*c - h. Let o(z) = -3*i(z) - 5*w(z). What is o(-1)?
-13
Let l(h) = -13*h**3 + 16*h**2 + 9*h - 7. Let i(v) = 4*v**3 - 5*v**2 - 3*v + 2. Let d(g) = 7*i(g) + 2*l(g). Let f = 875 - 877. What is d(f)?
-22
Let n(s) = s**2 + 17*s + 10. Let x be n(-18). Let g(k) = -10 + 20 - 9 + 27*k - x*k - k**2. Calculate g(-5).
-19
Suppose -10 = -6*y + 9*y + 5*r, 4*r = -3*y - 5. Suppose 43*u - 47*u - 7 = 3*h, y*h = -5*u - 15. Let z(k) = -2*k**2 + 2*k + 1. Determine z(u).
-3
Let i(d) = 17*d**2 + d - 2. Let n be i(1). Let z be 1/(n/(-3) + (-2 - -7)). Let a(b) = b**3 + 2*b**2 - 2*b + 1. Calculate a(z).
-2
Let u(a) be the second derivative of -a**4/6 - 13*a**3/3 - 29*a**2/2 + 8377*a. What is u(-12)?
-5
Let h(m) be the first derivative of m**4/4 + 7*m**3/3 + 2*m**2 + 7*m - 1. Let w(o) = -39*o**2 - 298*o - 180. Let v be w(-7). Determine h(v).
37
Let l(b) = -39*b**3 - 36*b**2 - 18*b - 50. Let c(w) = 4*w**3 + 4*w**2 + 1. Let s(q) = 10*c(q) + l(q). Calculate s(-6).
-4
Suppose 106*m = 109*m - 3. Let z be m/((-5)/(-50) + 0). Let w(i) = -i**2 + 12*i - 22. Calculate w(z).
-2
Let q be (-18)/12*(-2 + -2). Let s(m) be the third derivative of -m**5/60 + m**4/4 - m**3/3 - 2*m**2 + m - 50. Calculate s(q).
-2
Let y = 25 - 16. Let s(n) = 10*n + 10. Let l(t) = 3*t + 4. Let x(c) = -16*l(c) + 5*s(c). Let w(r) = -2*r + 15. Let k(i) = -3*w(i) - 4*x(i). Give k(y).
-7
Suppose -3*k = -20 + 5. Suppose 4*j - 5*b + 7 = 0, k*b + 0*b = -5*j + 25. Let q(g) = -3*g + 1 + 3 - 7 + 1. Calculate q(j).
-8
Let i(x) = -23*x - 9. Let t(h) = 29*h + 10. Let n(a) = -3*a - 1. Let z(b) = 6*n(b) + t(b). Let f(u) = -6*i(u) - 13*z(u). Calculate f(-7).
37
Let l(m) = 2*m - 14. Suppose -177*w = -235*w + 522. Determine l(w).
4
Let k(c) be the second derivative of c**5/20 - 2*c**4/3 + c**3 + 4*c**2 - 1522*c. Let f(i) = -i**2 + 6*i - 1. Let r be f(4). What is k(r)?
1
Let q be 8/20 - 360/150. Let x(j) be the second derivative of j**5/10 - j**4/6 - j**2 + 4*j. Determine x(q).
-26
Let w(i) = -i**2 + 24*i + 7428. Let r be w(-75). Let x(m) be the first derivative of 2*m**r - 2*m + 1 + m**2 + 1/4*m**4. Give x(-5).
13
Let l(o) = 620*o + 8071. Let n be l(-13). Let y(s) be the second derivative of s**3/3 - 27*s**2/2 + s. What is y(n)?
-5
Let g(a) be the third derivative of -7/24*a**4 - 18*a**2 + 0*a + a**3 + 0. Calculate g(5).
-29
Let o(u) = -u**3 - 9*u**2 - 21*u - 1. Let l be (20/(4 - 8))/((-101)/(-6) + -16). What is o(l)?
17
Let t(k) = -3*k - 41. Let d(n) = -3*n - 32. Let s(f) = -4*d(f) + 3*t(f). Suppose 3*v + u - 16 = 0, -v - 5*u = -5*v + 34. Calculate s(v).
23
Let k(j) be the third derivative of 0*j - 1/6*j**4 + 0 + 1/60*j**5 + j**3 - 86*j**2. Calculate k(7).
27
Let a(c) = 40*c + 18. Suppose -19 = 1223*r - 1251*r - 103. What is a(r)?
-102
Suppose 10*n - 13*n = 9. Let v be 4/2 